 What is i(v)?
9
Let h(t) = t. Let y = -21 - -70. Let a = y + -45. Give h(a).
4
Let w be ((-27)/6)/((-1)/(-262)). Let n = -563 - w. Let q be n/(-120) - 2/(-15). Let d(p) = p + 10. Determine d(q).
5
Let f(h) = -9*h**2 - 3*h - 36. Let o(c) = 5*c**2 + 2*c + 19. Let n(g) = 6*f(g) + 11*o(g). Determine n(-6).
5
Let i(b) = 52*b**2 + 0 - 65*b**2 - 1. Calculate i(-1).
-14
Let n be 0*(-2 + (-6)/(-4)). Suppose 0 = 5*y - 9*y - 0*y. Let v = n + y. Let s(i) = -i**2 - i + 2. What is s(v)?
2
Suppose -10 = 5*x + 10. Let b(y) be the second derivative of -y**6/360 - y**5/30 - y**4/4 + y**3/3 - 2*y. Let z(k) be the second derivative of b(k). Give z(x).
-6
Let d be 4 + 1 + -21 - -4. Let w(a) = -a**3 - 13*a**2 - 13*a - 10. What is w(d)?
2
Let a(t) = 3*t + 24. Suppose 5*v = -2*l - 39, 0*v + 2*v + 10 = 2*l. Let d be a(v). Let y(j) = -2*j**2 + 3*j + 3. What is y(d)?
-6
Let r(b) = -12*b + 0*b + 7*b + 4*b + 7*b. What is r(2)?
12
Let o(w) be the third derivative of w**4/8 - w**3/2 - 17*w**2. Determine o(2).
3
Let b(y) = 2*y - 10. Let m(l) = l - 1. Let f(i) = -b(i) + 3*m(i). Suppose 3*v - 3*j - 1 = 17, 3*v = j + 10. Suppose -v*h = -5*h. Determine f(h).
7
Let a = 757 + -1513/2. Let q(j) be the third derivative of 0 + 0*j - 6*j**2 - 1/24*j**4 - a*j**3. Calculate q(-6).
3
Let g be 198/45 + 2/(-5). Suppose -12 = -g*v + 4. Let u be (-2 + v + -4)*1. Let p(d) = -3*d - 1. Give p(u).
5
Let n be 2/(-5*(-4)/30). Let b(l) be the second derivative of 0 + 1/3*l**3 - 5*l - 1/20*l**5 + 1/6*l**4 - l**2. What is b(n)?
-5
Let v(i) = i**3 - 2*i**2 - 7. Suppose 0 = 4*h - 3*q + 12, -2*q - 4 = h - 3*q. Determine v(h).
-7
Let c(x) = -12 - x**2 - 5 - 15 + x + 22 - 2*x. Suppose 5*w - 5*j = 15, -4*w + 9 = -4*j - j. Suppose -w*z + 4*z = 0. What is c(z)?
-10
Let m(k) = -k**3 + 12*k**2 - 10*k - 7. Let b be m(11). Suppose 2*n = -2*a + 10, a - 16 = -b*n - a. Suppose -n*q = -5 + 8. Let h(p) = -2*p + 1. Give h(q).
3
Let n(l) be the first derivative of l**4/4 - 2*l**3 + 3*l**2/2 - 5*l - 10. What is n(5)?
-15
Suppose 3*h - 4*h = -5. Suppose h*p - 1 = -21. Let j(r) = 4 + 347*r**2 - r**3 - 351*r**2 - 61*r + 64*r. Give j(p).
-8
Let d(s) be the first derivative of -s**4/4 - 7*s**3/3 - s**2/2 - 10*s - 97. Calculate d(-7).
-3
Let u(x) = 26 + 0*x + 2*x - 4*x. Let y(o) = 3*o - 39. Let z(v) = -7*u(v) - 5*y(v). Suppose -2*j + 10*j = -14*j. What is z(j)?
13
Let g(w) = -w**3 + 7 + 2 - 16*w**2 - 2*w**2 + w**2 - 16*w. Let r be g(-16). Let u(c) = -c**2 + 11*c - 13. Give u(r).
5
Let t(y) = -35 + 0*y - y**3 - 25 + 68 + y + 8*y**2. Give t(8).
16
Let n = 454 + -457. Let q(v) = -v + 1. Determine q(n).
4
Let a(u) = 16*u**2 - 6*u - 16. Let o(p) = -3*p**2 + p + 3. Let d(v) = 2*a(v) + 11*o(v). Give d(-2).
-1
Let w(i) = -i - 17. Suppose 2*u = 0, -4*g - 12*u = -8*u + 92. What is w(g)?
6
Let r(l) be the third derivative of l**6/360 - l**5/20 + l**4/8 + 3*l**3/2 + l**2. Let h(t) be the first derivative of r(t). Determine h(6).
3
Let b(r) = -12 + 7 + 0*r + r - 3*r. Calculate b(0).
-5
Suppose -6*j + j = -15. Let c(k) = -k + 7. Let f be c(5). Let p(n) = -6*n**2 - 34*n + 1 + 38*n + n**3 + n**f. Determine p(j).
-5
Let w(t) = -3*t + 2. Let m(a) = 4*a - 2. Let o(u) = 4*m(u) + 5*w(u). Let r(q) = -2*q**2 + 4*q - 4. Let f be r(2). What is o(f)?
-2
Let v(a) be the first derivative of -43 + 19 + 3*a + a**2 - 2*a**2. Suppose 5*h - 20 = -5. Give v(h).
-3
Let j be ((-15)/12)/((-2)/(-8)). Let d(x) = x**2 + 4*x - 2. Let i(y) = -60*y + 18*y + 16*y - 2*y**2 + 18*y + 4. Let o(r) = j*d(r) - 2*i(r). Calculate o(-4).
2
Suppose 4*t + 13 = -3*j, 0 = 5*j - 4*t - 2 - 19. Let o(x) be the second derivative of -x**4/6 + x**3/6 + 20*x. Give o(j).
-1
Let y(h) = h - 15. Let z be y(11). Let o(t) = 11*t**3 - 5*t**2 + 21*t + 14. Let u(c) = -5*c**3 + 3*c**2 - 10*c - 7. Let x(m) = z*o(m) - 9*u(m). Give x(6).
7
Let m(u) be the second derivative of u**4/12 - u**3/3 - u**2/2 - 16*u - 11. Suppose -t = 3*t. Suppose i - 4 = t, -k - 2*k + 4*i - 19 = 0. Calculate m(k).
2
Let h be 276/(7 - 4)*(-1)/(-2). Let w(a) = 16 + 17 - h + 17 + 3*a. Calculate w(6).
22
Let i = 11 + -19. Let d(k) be the first derivative of -k**2/2 - 5*k + 107. What is d(i)?
3
Let q(x) = 2*x**3 + 3*x**2 - 4*x. Let l(d) = -d**3 + 45*d**2 - 89*d + 126. Let u be l(43). Give q(u).
-15
Let s(u) = 5 - 6 - u**3 + 4 - 11*u**2 + 14*u**2 - 2*u. Suppose 0*q - 4*b + 28 = 4*q, 1 = -q + b. Determine s(q).
-3
Let z = -5410 + 5419. Let u(m) = -m**2 - 1. Let v(q) = -7*q**2 + 9*q - 1. Let a(w) = 6*u(w) - v(w). Give a(z).
-5
Let f(y) = 2*y**3 - 2*y**2. Let s(t) = 21*t**3 - 27*t**2 - 8*t - 1. Let b(v) = -10*f(v) + s(v). Let h(o) = o**2 + o + 8. Let x be h(0). What is b(x)?
-1
Let b(n) = -2*n + 1. Let v(c) = -3*c + 2. Let a(w) = -7*b(w) + 6*v(w). Determine a(6).
-19
Let h(o) = -o**3 - 7*o**2 - 7*o - 2. Let f(y) = -y**3 - 8*y**2 + 2*y + 15. Let v be f(-4). Let t = v + 51. What is h(t)?
4
Let o(s) be the first derivative of s**3/2 + 4*s**2 - 9*s - 37. Let m(k) be the first derivative of o(k). Give m(-6).
-10
Suppose 3 = 3*p + 12, -5*q - 47 = 4*p. Let f(s) = s**3 + 5*s**2 - 14*s - 6. Let h be f(q). Let u(a) = -a**2 - 3*a + 4. What is u(h)?
-14
Suppose -k + 5*m = -10, 4*m - 6*m + 14 = -4*k. Let a(r) = -r**2 - 1 - 8*r + 0 - 6. Determine a(k).
8
Let q be 6/(-15)*(-95)/(-1). Let b = 36 + q. Let g(j) = -j**2 - 2*j - 3. Determine g(b).
-3
Let f(o) = -o**2 + 12*o - 8. Let r be 855/90 + (-3)/(-2). Determine f(r).
3
Let b be 2*(1 + -4)*1. Let a(n) be the first derivative of -1/4*n**4 - 2*n**2 - 2 + 2*n - 7/3*n**3. Determine a(b).
-10
Let v(f) = -f**2 - 2*f + 7. Let j = 5 - 8. Let t be 10*2/(-4) - j. Let l be (-2 + 3)/(t/10). Determine v(l).
-8
Let k(h) = -14*h + 0*h + 42 + 16*h + 2. Give k(-21).
2
Let t(o) = -2*o + 29. Let z be t(17). Let j(d) = -3*d - 6. Give j(z).
9
Let n(h) be the second derivative of -h**5/20 + 5*h**4/6 + 2*h**3 - 7*h**2 - 11*h - 6. Give n(11).
-3
Let h(v) be the second derivative of -v**5/20 - v**4/3 + 7*v**3/6 + 2*v**2 - v. Suppose 0 = 4*f - 27 + 23. Let u(p) = -6*p + 1. Let x be u(f). Determine h(x).
-6
Let m(h) = 3*h**3 + 5*h**2 + h - 3. Let r(v) = 5*v**3 + 10*v**2 + v - 5. Let w(g) = 7*m(g) - 4*r(g). Let c be 6/(0 + 6/4). Calculate w(c).
-5
Let y(s) be the second derivative of -5*s**3 + s**2/2 - 19*s - 1. Determine y(1).
-29
Let o(k) be the third derivative of -1/120*k**6 + 0*k + 2 + k**3 + 17*k**2 + 7/60*k**5 + 1/3*k**4. Calculate o(8).
6
Let a(k) = -k + 2. Let y = -48 - -72. Let p(f) = -f**2 - 2*f + 41. Let g be p(5). Suppose -y - 12 = g*d. Calculate a(d).
8
Let n(f) = 17*f - 6. Let d be (-120)/(-28) + (-4)/14. Let u(z) = 9*z + 3*z - d - z + 0. Let m(h) = -5*n(h) + 8*u(h). Calculate m(2).
4
Let w(k) = -k**2 + 13*k - 19. Suppose -19 = -g - 4*t, 3*g + 2*t = -2*g + 59. Let z be w(g). Let l(n) = 8*n - z*n + n**2 - 8*n - 1. What is l(5)?
9
Suppose 0 = -39*h + 33*h + 486. Let s be (-2)/3*h/(-18). Let b(m) = m**3 - 4*m**2 + 5*m - 4. Determine b(s).
2
Let g = 26 + -22. Let q be 186/5 - g/20. Let m(j) = -j**2 + 1 + 4*j**3 + 37*j - q*j. What is m(-1)?
-4
Let j be (-4)/(-3)*6/4. Let r(p) = -p**2 - 3*p + 4. Let b(h) = -26 + 7 + 3 + 10 + 4*h + 2*h**2. Let y(z) = 5*b(z) + 8*r(z). Give y(j).
2
Suppose 3*a + 8 - 20 = -y, 5*a = y + 28. Let z(h) = h**3 + 6*h**2 - 3*h - 3. Calculate z(y).
33
Let g(x) = -2*x. Let k = 224 + -214. Determine g(k).
-20
Let a(u) = 2*u - 1. Let f(w) = -5*w + 7. Let q(r) = -5*a(r) - f(r). Give q(2).
-12
Let b(o) = o - 11. Let d be b(14). Let s(u) = u**3 - 4*u**2 + u - 8. Calculate s(d).
-14
Let z(r) = 2*r**2 - 5*r - 4. Let x = -8 + 13. Suppose -3*m = 5*g - 17, 2*m + 24 = x*g + 2. What is z(g)?
8
Let y(k) = -5*k - 1. Let l be (5 - 2)*4 - 8. Calculate y(l).
-21
Let v(j) = -j**2 - 2*j + 20. Let l = 276 - 272. Calculate v(l).
-4
Let l = -79 + 1. Let y be (l/(-24))/((-1)/(-4)). Suppose -5*t = -5*i - 35, -3*t + 0*t + y = -i. Let d(k) = -k + 1. Calculate d(i).
5
Let g(l) be the second derivative of -l**4/24 - 2*l**3/3 - 5*l**2 - 20*l. Let s(j) be the first derivative of g(j). Let v = 0 - 2. Give s(v).
-2
Let j be (23 - -3) + ((-6)/(-2) - 4). Suppose -t + 5*l = -0*l - j, -2*t + 26 = -4*l. Let q(y) = -y**2 + 6*y - 1. What is q(t)?
4
Let y(c) = c + 0 + 2 + 2*c. Let l(b) be the third derivative of -b**4/8 - b**3/2 + 21*b**2. Let a(i) = -3*l(i) - 4*y(i). Calculate a(-2).
7
Suppose -5*y + 4*x - 28 = 5, 35 = -5*y + 5*x